divide p(-8)?
True
Let i = 111 + -44. Does 14 divide i?
False
Let l(a) = 2*a**2 - a - 9. Does 37 divide l(8)?
True
Suppose -7*a - 120 = -10*a. Is 3 a factor of a?
False
Let v(p) = p + 3. Let o be v(-3). Is 10 a factor of (25 - o) + 4 + -5?
False
Let q be -3 - -1 - 10/(-2). Let z(h) = 0*h**3 + 4 + 4*h**2 + 3*h - h**3 - 6*h. Is z(q) a multiple of 3?
False
Let s = 4 - 10. Let n(z) = z**3 + 6*z**2 - 2*z - 6. Let v be n(s). Let r = v + 2. Does 6 divide r?
False
Let p = -15 + 43. Is 11 a factor of p?
False
Let m = 253 + -175. Is 26 a factor of m?
True
Let m be 2 + -2 - (-2 - 0). Let l(o) = -17*o - 3. Let i(w) = 34*w + 7. Let y(p) = -6*i(p) - 13*l(p). Does 13 divide y(m)?
False
Suppose -2*l = -4*a - 112, 0*a + 3*l = 5*a + 138. Is 4 a factor of 6/(-12) - a/4?
False
Suppose -2*u + 3*v + 6 = 0, -2*u - 2 = -2*v - 6. Suppose u*a - 24 = -a. Is 7 a factor of a?
False
Suppose z - 53 = 22. Let t = -49 + z. Does 8 divide t?
False
Let r = -9 - -14. Suppose 5*o + 33 = 16*o. Suppose 5*p = -15, o*p = -r*h - 7 + 33. Is 7 a factor of h?
True
Let a be 2/(-11) - 84/22. Is (-2)/a + (-54)/(-12) a multiple of 3?
False
Does 20 divide 79*1 + -14 + 15?
True
Let t(v) = 5*v + 0*v + 6 + 0*v. Is 18 a factor of t(6)?
True
Let m = -10 - -15. Suppose 65 = m*w - 2*o, -5*w + 0*w + 5*o = -50. Does 15 divide w?
True
Let r = -1 - -1. Does 6 divide r + -3 - -1 - -14?
True
Suppose -3*j + 2*q - 27 = -q, 2*q = 6. Does 30 divide 6 + j + 1 + 90?
False
Suppose 5*l + 0*l - 15 = 0. Suppose 2*r = -2*g + 68, 0 = 2*r + l*r - 4*g - 188. Is r a multiple of 15?
False
Let c be 4/6*(-180)/(-8). Does 24 divide (160/c)/(2/9)?
True
Let n(s) = -3*s - 12. Suppose -2*o + 17 = 3*b, 4*b + o + 0*o = 21. Suppose u = 4*u + 4*d + 28, -b*d = 2*u + 21. Is 12 a factor of n(u)?
True
Let k(a) = a**2 - 1. Let b be k(1). Suppose -2*n = -3*n + 24. Suppose b*y - n = -4*y. Is 3 a factor of y?
True
Let o be (-2 + 3/2)*-4. Suppose 0 = -o*w - 2*w + 372. Suppose -4*x = -139 - w. Is 21 a factor of x?
False
Let q(f) = 81*f - 1. Is 21 a factor of q(1)?
False
Let i(w) = 8*w + 48. Is 8 a factor of i(4)?
True
Let x be -2*2/10 - (-51)/15. Suppose 5*t - 46 = u, 3*t + 4*u - 66 = -2*t. Let f = t + x. Is f a multiple of 11?
False
Suppose -99 = 3*f + 438. Let q = -99 - f. Suppose -7*o + q = -3*o. Does 12 divide o?
False
Let y be (-42)/11 - 4/22. Is -8*((-50)/y)/(-5) a multiple of 20?
True
Let y be ((-16)/6)/(12/(-18)). Is 20 a factor of (-204)/(-9)*(y + -1)?
False
Let w = -113 - -43. Let j = -21 - w. Is 20 a factor of j?
False
Let g = -4 + 4. Suppose -3*c + 6*c = g. Let i(u) = u + 20. Does 10 divide i(c)?
True
Let d(c) = c**3 + 8*c**2 + 2*c + 3. Let t be d(-6). Let s(k) = -k**3 + 18*k**2 - 15*k - 25. Let z be s(17). Is 2/z + 1120/t a multiple of 18?
True
Let n be 6/33 - 31/(-11). Suppose 4*j - 4*w = 9*j + 511, 0 = -4*j + n*w - 415. Let f = 145 + j. Is 17 a factor of f?
False
Let n(x) be the third derivative of x**6/60 - x**5/12 - x**4/8 - 5*x**3/6 - 9*x**2. Does 29 divide n(5)?
False
Suppose 0 = -2*h - 4*k + 16, -5*h + 13 = -2*k + 3*k. Is 8 a factor of 16*(2 + (-3)/h)?
True
Let q(a) = 4*a + 4. Let g = -1 + 6. Is q(g) a multiple of 17?
False
Let a be (1 - 2)/1 - -1. Suppose -6*i = -2*i - 3*d - 113, 0 = -3*i + d + 86. Suppose a = -2*v + i - 5. Is v a multiple of 10?
False
Let v(x) = 6*x**2 + 43*x + 14. Let m(s) = -2*s**2 - 14*s - 5. Let o(g) = 7*m(g) + 2*v(g). Let d be o(-8). Is 3 a factor of 2/(-4) - d/6?
True
Suppose 0*u - 5*u + 105 = 0. Is 21 a factor of u?
True
Suppose -775 = -4*n - 5*m - 0*m, -n = -5*m - 200. Is n a multiple of 28?
False
Suppose -j + 9 = 2*j. Let l = 24 - j. Is 17 a factor of l?
False
Suppose -4*r + 280 = 2*i + i, -3*r - i = -215. Is 23 a factor of r?
False
Is (0 - (-2)/(-7)) + (-2872)/(-56) a multiple of 5?
False
Suppose 279 = 3*x + 60. Is x a multiple of 15?
False
Suppose 2*w - g = 8, 0*g = -3*w + 4*g + 22. Let n be w + 20 + 1 - -1. Is 7 a factor of 6 + -4 - n/(-2)?
True
Suppose 4*t + 254 = 4*g + 50, 3*t - 39 = -g. Is g a multiple of 6?
True
Let o be 3 + 49*2 + 3. Does 7 divide (-3)/((-324)/o - -3)?
False
Let f = -7 - -71. Is f a multiple of 16?
True
Let q(l) = -4*l + 4. Is q(-2) a multiple of 9?
False
Let z(q) be the second derivative of -q**4/12 - 2*q**3 - 5*q**2 - 3*q. Is 10 a factor of z(-8)?
False
Let t(l) = -2*l**3 + 3*l**2 - 4. Is 24 a factor of t(-2)?
True
Suppose -61 = -2*q + 27. Let h = q - 30. Is h a multiple of 14?
True
Suppose 5*l + 4*y + 272 = 0, -2*y + 120 = -2*l + 2*y. Let n = 121 + l. Suppose 2*x - 7*x = -n. Does 10 divide x?
False
Suppose 3*v + 0*v - 54 = 0. Is 9 a factor of v?
True
Suppose 0 = -5*p + 5*a - 45, -a = -5*p - 3*a - 45. Let z = -2 - p. Is 3 a factor of z?
False
Suppose 0 = -2*t + 3*y + 21, -y - y - 10 = 0. Suppose 3*i - 16 - 11 = 5*v, 0 = 5*v - 4*i + 26. Does 15 divide ((-15)/2)/t*v?
True
Suppose 5*a = -2*l + 5*l + 295, -5*a - 3*l + 295 = 0. Is 11 a factor of a?
False
Let i be (6 - 0)*129/9. Let h = i - 58. Is 14 a factor of h?
True
Let z be 1/(3 + (-182)/61). Suppose 0 = -j + 5*l + z, -2*j + 46 = -j - 2*l. Is 14 a factor of j?
False
Suppose 3*w - 5*j + 12 = 0, 5*w - j = -5*j + 17. Suppose -3*s = -0*a + 2*a + w, -2*s = -5*a - 31. Does 3 divide s?
True
Suppose -2*o + 6*o = 0. Does 6 divide 5/((-10)/(-24)) + o?
True
Suppose -71 = -4*t + 3*m + 492, -142 = -t + m. Does 13 divide t?
False
Let m = 11 + -7. Suppose -m*l + 7 + 1 = 0. Suppose 3*r - 1 - 23 = -5*a, -2*r = -l*a - 32. Does 8 divide r?
False
Let s(r) = -r**3 + r**2 - r + 13. Let q be s(0). Let n = 28 - q. Is 15 a factor of n?
True
Is 23 a factor of 3645/63 - 1/(-7)?
False
Let t(s) = 2*s**2 - 9*s + 3. Let m(o) = o**2 - 4*o + 1. Let p(h) = 5*m(h) - 2*t(h). Is 7 a factor of p(5)?
True
Let l(t) = 2*t**3 + 3 - 9*t + 4 - t**3 - 2*t**2 - 2*t**2. Does 14 divide l(6)?
False
Let w be (-1)/12*-26 + (-6)/36. Suppose -m = 2*m. Suppose 48 = -m*i + w*i. Is 15 a factor of i?
False
Let v(f) = -f + 14. Let k(d) = -d + 13. Let c(a) = 4*k(a) - 3*v(a). Does 3 divide c(5)?
False
Let t(d) = -3*d + 3*d - 3*d**3 + 0*d - 2 + 3*d**2 + d. Does 8 divide t(-2)?
True
Let k = 154 - 76. Is 18 a factor of k?
False
Let r(t) = 37*t**2 + t. Let j be r(-1). Let h = -26 + j. Does 5 divide h?
True
Suppose -3*r - 12 = 4*f, -4*f = -2*r + 4*r + 8. Let j = -13 + 19. Suppose f = 2*k + j, -k - 19 = -5*b + 74. Is b a multiple of 9?
True
Let a(n) = 80*n**3. Is 8 a factor of a(1)?
True
Let p(l) = -l**2 - 9*l + 2. Let i = 5 + -12. Is p(i) a multiple of 16?
True
Suppose 39 - 114 = -g. Suppose s - g = -2*s. Let v = 44 - s. Does 8 divide v?
False
Let z(w) = -6*w + 19. Is z(0) a multiple of 3?
False
Suppose -2*r = -4*u - 28, 0 = -5*u + 2*u - 9. Suppose 44 = 3*t + r. Is 4 a factor of t?
True
Let z = -1 + 6. Let q = z + -7. Is 9 a factor of -3*(-2 - (-2)/q)?
True
Suppose -j + 1 = -q + 5, 4 = 5*q - j. Suppose -4*m = -q*m - 52. Is 4 a factor of m?
False
Suppose -3*s - 9 = -3. Let g(m) = 5*m**2 - 4*m - 3. Does 9 divide g(s)?
False
Let s(l) = 9*l**2 - 2*l - 1. Is s(-1) a multiple of 3?
False
Let d(l) = -l - 5. Let w be d(-9). Suppose 0 = q + w*q - 35. Is q a multiple of 7?
True
Let o(p) = -p**2 + 12*p + 4. Let f be o(12). Suppose -b + 92 = -8*t + 3*t, 3*b = f*t + 232. Is 24 a factor of b?
True
Let b = -6 - -42. Does 12 divide b?
True
Let q = 3 + 0. Suppose -5*p = 0, 3*a + q*p - 85 = -2*a. Is 9 a factor of a?
False
Let o(u) = 7*u - 4. Let y(l) = 27*l - 15. Let b(h) = 22*o(h) - 6*y(h). Is b(-2) a multiple of 12?
False
Suppose -5*w + 49 + 86 = 0. Is w a multiple of 15?
False
Let u be (-280)/(-36) + (-2)/(-9). Let a be (-4)/(-20) - (-2)/(-10). Let k = a + u. Is 8 a factor of k?
True
Let t = -6 - -8. Suppose -2 = t*y - 24. Suppose -5 - y = -2*x. Is 4 a factor of x?
True
Let x be (6/9)/((-4)/(-6)). Suppose 0 = -s + 4 - x. Is 8 a factor of (s/(-1) - -20) + -1?
True
Let j = -126 + 310. Let k = j + -107. Is k a multiple of 21?
False
Let g(i) = 7*i**2 - 4*i - 4. Is 12 a factor of g(4)?
False
Let r = -27 - -72. Does 13 divide r?
False
Suppose 5*c = 3*h + 80 + 53, 3*h = -3. Is c a multiple of 13?
True
Let d = -4 + 48. Is 11 a factor of d?
True
Let b(z) = z**2 - 5*z + 1. Let c(g) = -2*g**2 + 5*g. Let w(y) = 3*b(y) + 2*c(y). Let o be w(-4). Suppose -120 = 2*q - o*q. Is q a multiple of 10?
False
Let n(o) = -4*o + 1. Suppose -4*l + 3 = -5*l. Is n(l) a multiple of 10?
False
Let l be 16/10 + 2/5. Suppose -